14.
54
What is the greatest common factor of 198 and 46134?
198
What is the highest common divisor of 24 and 18071316?
12
Calculate the greatest common divisor of 363715 and 6545.
935
What is the highest common divisor of 4248 and 472?
472
What is the highest common divisor of 67599 and 23229?
261
What is the highest common divisor of 117 and 671320?
13
What is the greatest common divisor of 1996 and 308?
4
Calculate the highest common factor of 11149 and 2.
1
Calculate the greatest common factor of 35075 and 2185.
115
What is the greatest common divisor of 1165 and 290?
5
What is the highest common divisor of 80160 and 720?
240
Calculate the greatest common divisor of 745 and 3490.
5
Calculate the greatest common factor of 1216 and 234112.
64
Calculate the greatest common divisor of 1212 and 286941.
303
What is the greatest common divisor of 66283 and 714?
119
Calculate the highest common divisor of 23142 and 1064.
266
Calculate the greatest common divisor of 25929 and 215.
43
Calculate the highest common factor of 12139 and 120793.
199
Calculate the highest common divisor of 275 and 12595.
55
Calculate the highest common divisor of 20 and 1504.
4
Calculate the greatest common divisor of 399 and 48069.
21
Calculate the greatest common factor of 540 and 584604.
108
Calculate the greatest common factor of 512 and 657408.
512
Calculate the highest common factor of 219 and 2263.
73
What is the greatest common divisor of 27 and 410229?
9
Calculate the greatest common factor of 4832 and 1832.
8
What is the highest common factor of 72 and 119916?
36
Calculate the greatest common divisor of 25041 and 7395.
51
What is the greatest common divisor of 21810 and 3390?
30
Calculate the greatest common factor of 474 and 212431.
79
Calculate the highest common factor of 34 and 1996174.
34
What is the greatest common factor of 168 and 4164132?
84
What is the highest common factor of 1740 and 4380?
60
What is the greatest common factor of 51009 and 147?
147
What is the highest common divisor of 3953 and 34572?
67
Calculate the greatest common divisor of 148400 and 224.
112
What is the greatest common divisor of 90 and 60?
30
Calculate the greatest common factor of 83414 and 2864.
358
What is the greatest common factor of 30222 and 90?
18
What is the greatest common factor of 442 and 4998?
34
What is the greatest common factor of 687712 and 8?
8
Calculate the greatest common factor of 91 and 12883.
13
What is the greatest common factor of 4415950 and 1036?
518
Calculate the highest common factor of 22428 and 1036.
28
Calculate the greatest common factor of 54956 and 1859.
11
Calculate the greatest common factor of 35856 and 256.
16
What is the greatest common factor of 42 and 19446?
42
Calculate the highest common factor of 22420 and 380.
380
Calculate the greatest common factor of 340 and 2227.
17
Calculate the highest common divisor of 17280 and 152960.
640
Calculate the greatest common factor of 410245 and 275.
55
Calculate the greatest common divisor of 181601 and 196.
7
What is the highest common factor of 81 and 40419?
81
What is the highest common factor of 64247 and 15457?
41
Calculate the greatest common factor of 1824 and 1264.
16
What is the greatest common factor of 592 and 1294?
2
What is the highest common factor of 7157 and 680?
17
Calculate the highest common factor of 54 and 7818.
6
What is the highest common divisor of 173030 and 28600?
1430
Calculate the highest common divisor of 28192 and 320.
32
What is the highest common factor of 105 and 62895?
105
Calculate the highest common factor of 114315 and 615.
15
Calculate the highest common divisor of 19762 and 164.
82
What is the highest common divisor of 33 and 575003?
11
What is the highest common factor of 6555 and 76?
19
Calculate the greatest common divisor of 532 and 17948.
28
Calculate the highest common divisor of 5626800 and 216.
216
Calculate the highest common divisor of 57439 and 25079.
809
Calculate the greatest common divisor of 11837 and 2261.
133
What is the highest common factor of 5822015 and 695?
695
Calculate the highest common factor of 1393 and 646949.
199
Calculate the highest common factor of 629447 and 728.
91
What is the greatest common divisor of 3596 and 25288?
116
What is the highest common divisor of 4476 and 5532?
12
Calculate the highest common factor of 7304 and 458824.
664
What is the greatest common divisor of 5085 and 68520?
15
Calculate the highest common divisor of 2 and 5716.
2
What is the greatest common divisor of 160 and 135455?
5
What is the greatest common divisor of 10767 and 74?
37
Calculate the highest common divisor of 65408 and 20160.
448
Calculate the greatest common divisor of 165335 and 10.
5
What is the greatest common divisor of 541079 and 44?
11
What is the greatest common factor of 162825 and 49933?
2171
What is the highest common factor of 29596 and 4508?
196
What is the greatest common factor of 825 and 15125?
275
Calculate the greatest common divisor of 37297 and 1661.
151
What is the greatest common factor of 545 and 2045?
5
What is the greatest common factor of 192 and 10080?
96
Calculate the greatest common divisor of 42241 and 212.
53
Calculate the highest common factor of 342 and 650313.
171
Calculate the greatest common divisor of 132 and 734668.
44
What is the highest common factor of 67368 and 1134?
42
What is the greatest common divisor of 684 and 220438?
38
What is the greatest common factor of 377 and 6989?
29
What is the highest common factor of 58 and 1811?
1
What is the greatest common divisor of 4269 and 3?
3
Calculate the highest common factor of 531 and 115191.
9
Calculate the greatest common divisor of 60410 and 6965.
35
What is the highest common divisor of 104 and 2264?
8
Calculate the greatest common factor of 49759 and 17.
17
What is the highest common divisor of 156 and 42258?
6
What is the greatest common divisor of 4354416 and 3168?
1584
What is the highest common factor of 12096 and 621?
27
Calculate the greatest common factor of 259 and 629.
37
Calculate the highest common factor of 12143549 and 1474.
737
Calculate the highest common divisor of 10560 and 592.
16
What is the highest common factor of 51 and 7871?
17
Calculate the highest common divisor of 152569 and 29.
29
Calculate the greatest common factor of 126 and 486.
18
What is the greatest common divisor of 20700 and 3933?
207
Calculate the greatest common divisor of 90 and 2626452.
18
What is the highest common divisor of 413370 and 45?
45
Calculate the highest common divisor of 5335 and 440.
55
What is the highest common factor of 611303 and 20944?
1309
Calculate the greatest common divisor of 383048 and 40.
8
What is the greatest common divisor of 339242 and 174?
58
What is the highest common divisor of 26795 and 11615?
115
Calculate the greatest common divisor of 847 and 802109.
847
What is the highest common factor of 319754 and 370?
74
Calculate the highest common divisor of 561155 and 105.
35
What is the greatest common factor of 326976 and 48?
48
Calculate the highest common factor of 443027 and 19292.
689
Calculate the greatest common factor of 203683 and 4917.
149
What is the highest common factor of 10341 and 7479?
27
What is the highest common factor of 3887 and 1248?
13
What is the highest common factor of 18088 and 8024?
136
What is the highest common divisor of 1612 and 2054?
26
Calculate the highest common factor of 81906 and 33.
33
Calculate the greatest common divisor of 16378 and 475.
19
Calculate the highest common factor of 79284 and 480.
12
Calculate the greatest common factor of 6 and 1307.
1
What is the greatest common divisor of 30897 and 9?
9
What is the highest common factor of 9255 and 135?
15
Calculate the greatest common divisor of 112 and 18416.
16
What is the highest common divisor of 4668 and 10524?
12
What is the highest common factor of 83034 and 126?
126
What is the greatest common divisor of 3984 and 2102224?
1328
What is the greatest common divisor of 786 and 498062?
262
Calculate the highest common factor of 1880 and 1323050.
470
Calculate the greatest common factor of 1754 and 2794999.
877
Calculate the highest common divisor of 220 and 1408.
44
What is the highest common divisor of 196 and 717164?
196
Calcul